et g(s) = s**3 + 7*s**2 - 12*s - 30. Let u be g(-7). What is the greatest common factor of 126 and u?
18
Suppose 5 = -5*q + 20. Suppose 4*g + 108 = a, a - q*a + 201 = -3*g. Calculate the highest common divisor of a and 32.
32
Let z(f) = 6*f - 99. Let p be z(20). Suppose 2*h = 5*s - 52, -2*s + 3*h - 2*h + 20 = 0. What is the highest common divisor of s and p?
3
Let j = -232 + 312. Calculate the highest common factor of j and 24.
8
Suppose 0 = 2*p - 2, -4*z - 2*p - 2*p + 84 = 0. Calculate the highest common factor of 52 and z.
4
Suppose -8*k + 3172 = -4*k. Calculate the greatest common factor of 13 and k.
13
Suppose -5*k + 5*w + 110 = 0, 0 = k - 2*w + 12 - 30. Calculate the highest common divisor of k and 65.
13
Let i be ((-63)/(-36))/((-1)/(-4)) - 4. Suppose 5*y + 0*y + 3*w = 3, -i*y + w = -13. Calculate the greatest common divisor of 24 and y.
3
Let p be (-34515)/(-105) + (-4)/70*-5. Calculate the greatest common divisor of p and 141.
47
Let y(b) = 18*b**3 - b**2 + 3*b - 2. Let r be y(1). Let h(k) = -25*k**3 - 2. Let g be h(-2). Calculate the greatest common factor of r and g.
18
Suppose -5*z + 78 = -362. Suppose 4*m = 3*m + 5*p + 42, 102 = 5*m + 2*p. Calculate the highest common factor of z and m.
22
Suppose 2*t - 4*f + f - 15 = 0, -5*t + 3 = 4*f. Suppose t*j - 135 = -q, 3*j + 341 = 5*q - 244. Let w = 195 + -180. What is the highest common factor of w and q?
15
Suppose -5*v = -0*n + 3*n + 16, 0 = 2*n + 2*v + 8. Let i be 78 + (n/1 - -4). Suppose 6*g = 4*g + i. What is the highest common factor of 10 and g?
10
Let k be (-3)/(-6)*(131 + -1). Calculate the greatest common factor of k and 20.
5
Suppose -5*x + 14 = -k, 0*x = -4*k - 4*x + 64. Calculate the highest common factor of 209 and k.
11
Let c be -112 - (1 + 3 + -4). Let o = c + 197. Suppose -3*s = 1 - o. Calculate the greatest common divisor of 7 and s.
7
Suppose -4*k = -15*k + 3960. Calculate the highest common divisor of 45 and k.
45
Suppose -d - 14*m + 9*m = 15, -3*m + 3 = 3*d. Suppose -20 = -3*h + h. What is the greatest common divisor of d and h?
5
Let f(w) = -2*w**2 + 27*w + 43. Let i be f(23). Let t = -205 - i. What is the greatest common divisor of t and 21?
21
Let f(o) = 7*o**3 + 8*o**2 + 3*o - 2. Let n = 2 + -5. Let p be f(n). Let w be p/(-6) - 34/(-51). What is the highest common factor of 55 and w?
11
Let j(i) = -3*i**2 + 14*i - 6. Let u be j(4). Suppose u*b + 118 = 5*l, l - 34 = -b + 4*b. What is the highest common factor of l and 176?
22
Let w(q) = -q**3 + 7*q**2 - 7*q + 8. Let g be w(6). Let a = -1 + 6. Suppose 25 = a*c + 2*p - 25, 20 = g*c + 5*p. What is the highest common factor of c and 2?
2
Let u = -1565 - -1941. Calculate the highest common factor of 470 and u.
94
Let p(u) = -u**3 + u - 1. Let v = -7 - -5. Let n be p(v). Suppose 0 = 4*f + 2*b - 58, f + 2*b - 43 = -2*f. What is the highest common factor of f and n?
5
Suppose 11*f = 8*f - o + 96, 0 = -5*f + 3*o + 174. What is the highest common factor of 11 and f?
11
Let o(c) = 2*c**2 + 3*c - 14. Let b be o(-6). What is the greatest common factor of b and 32?
8
Let k be 493/68 - 1/(5 + -1). Suppose q + 4*a + 7 = -4*q, 2*a = -3*q - 3. What is the highest common factor of q and k?
1
Let u(p) = -7*p**2 + 4. Let i(f) = f + 1. Let b(s) = 2*i(s) - u(s). Let g be b(-2). Let k = -8 + g. What is the greatest common divisor of k and 14?
14
Let f = 54 - 147. Let x = 98 + f. What is the greatest common divisor of x and 15?
5
Let h be -2 + (3 - 4/(20/(-145))). Calculate the highest common divisor of 80 and h.
10
Suppose 5*r + 93 = -s, -4*r - 87 = -s + 6*s. Let b be 51*(42/r)/(-7). What is the greatest common factor of b and 85?
17
Let d(z) = 30*z - 106. Let h be d(5). Calculate the highest common divisor of h and 242.
22
Let m be (-1212)/(-7) + (-324)/(-378). What is the greatest common factor of 58 and m?
58
Let q = 237 - -478. What is the greatest common divisor of 143 and q?
143
Let k = 898 + -709. Calculate the greatest common divisor of k and 513.
27
Let x(r) = r**3 + 13*r**2 - 29*r + 35. Let g be x(-15). What is the highest common factor of g and 188?
4
Let w(t) = -6*t**2 + 80*t - 2. Let p be w(3). Calculate the highest common divisor of 8 and p.
8
Let r(g) = 11*g**3 - g**2 + 4*g - 2. Let b be r(2). Suppose -9 + 0 = -3*t. Suppose -t*i + 72 = -i. Calculate the greatest common factor of i and b.
18
Let g = 103 + 21. Let o = g + -94. What is the greatest common divisor of o and 50?
10
Let k be 2/(-3) - 69/(-9). Let o = -858 + 907. What is the highest common divisor of k and o?
7
Suppose -5*o + 0*o + 3*b = -665, -b = o - 141. Suppose 28 = -c + o. What is the greatest common factor of 12 and c?
12
Let v = 54 + -27. Let k(f) = 2*f**2 - 5*f - 3. Let u(b) = b**2 - b + 2. Let w be u(2). Let m be k(w). What is the highest common divisor of v and m?
9
Suppose 30690 = 9*c + 81*c. Calculate the highest common divisor of c and 33.
11
Let w(m) = -9*m + 44. Let c be w(-4). Calculate the greatest common factor of 208 and c.
16
Suppose 10 = 2*q - 2. Let b be (-105)/14*(-20)/q. Let c be 1 + (-1)/2*-8. What is the highest common divisor of c and b?
5
Let v(o) = 2*o**2 - 12*o + 16. Suppose -287 + 59 = -19*c. Let j be v(c). Calculate the highest common factor of j and 40.
40
Let x be (120/(-3))/(((-8)/(-2))/(-4)). Let a = x - -37. What is the greatest common divisor of 7 and a?
7
Let u = -209 + 321. Calculate the greatest common divisor of u and 56.
56
Suppose 4*v + 2173 = 5*v + p, 8686 = 4*v + 2*p. Calculate the greatest common divisor of 70 and v.
70
Suppose 3*c - 3 = -0. Suppose -c = 3*g + 2. Let i(r) = 13*r**2 + 1. Let w be i(g). Calculate the greatest common factor of 2 and w.
2
Let p be -3 + (-16)/(-4) - -4. Let x be (192/(-20))/((-1)/p). Let q be (-6 + x)/(3 + -1). What is the highest common factor of 7 and q?
7
Let i be (-70443)/(-270) - (1 + (-33)/30). Calculate the highest common divisor of i and 551.
29
Let p be ((-2 + 9)/7)/(6/12). Let k = 35 + -13. Calculate the greatest common divisor of k and p.
2
Suppose 4*c + 5*l = 18, 0 = -c + 5*l + 57 - 40. Let j be (-2)/6 - (-169)/3. What is the highest common divisor of c and j?
7
Suppose 2*w - 79 = -5*k, 4*k + 2*w - w - 65 = 0. Let f = k + 27. Suppose 0 = s + 9 - f. Calculate the highest common divisor of s and 5.
5
Suppose 0 = -4*r + 13*n - 9*n + 32, -2*r = -3*n - 21. Calculate the highest common factor of r and 192.
3
Suppose 2*z + 112 = 4*c, -5*c + 49 = z - 105. Let n = c - 24. What is the greatest common factor of n and 2?
2
Let f = 88 - -328. Calculate the highest common factor of f and 13.
13
Let v be (-4 + 26)*((-15)/6)/(-5). What is the highest common factor of v and 209?
11
Let r = 404 - 379. Calculate the greatest common factor of r and 125.
25
Suppose -3*n = -2*l + 94, -3*n - 3*l = 65 + 19. Let c be (-1)/((-3)/48)*n/(-24). What is the highest common divisor of 2 and c?
2
Let g = 98 - 90. What is the greatest common factor of 88 and g?
8
Let y be 159/6 - (-8)/(-16). Calculate the highest common factor of 286 and y.
26
Let y be 0/(-1 + -6) - -5. What is the greatest common factor of y and 20?
5
Let p(z) = z - 4. Let w be p(-8). Let y = w + 17. Let j = -950 + 955. Calculate the highest common divisor of y and j.
5
Suppose 2*p - 194 = -j, -3*j + 202 = 2*p - 4*j. What is the highest common divisor of p and 11?
11
Let n(t) = t**2 + 5*t + 1. Let h be n(-6). Let u(o) = o**3 - 7*o**2 + o + 2. Let k be u(h). Calculate the greatest common factor of 18 and k.
9
Suppose -9*o + 220 = o. What is the highest common factor of o and 154?
22
Let j(u) be the third derivative of 0*u + 0 + 11*u**2 + 5/12*u**4 + 2/3*u**3 + 1/10*u**5. Let g be j(-4). Calculate the highest common factor of 12 and g.
12
Let r(u) = -u**3 + 13*u**2 - 14*u + 5. Let i be r(9). Let o(l) = l**3 - 19*l**2 + 78*l + 29. Let t be o(13). Calculate the highest common factor of t and i.
29
Let t be (-1)/(-9 - 234/(-27)). Calculate the highest common divisor of t and 243.
3
Let x be -98*(200/28)/(-5). What is the greatest common factor of x and 112?
28
Let y(r) = -r**3 - 34*r**2 + 8*r - 265. Let m be y(-35). Calculate the highest common factor of m and 20.
20
Let q be 21/(-14)*(-7 - -3). Let n be -48*((-45)/q)/5. Calculate the greatest common factor of 8 and n.
8
Let t(h) = -h**2 + 11*h - 10. Let b be t(10). Suppose b = -x - m + 2*m + 23